ase 3
1122122101022
What is 23383a (base 14) in base 15?
18ab9d
What is -11101111101101000 (base 2) in base 16?
-1df68
What is -24523ca (base 13) in base 3?
-210020102101112
3a9b5 (base 13) to base 10
109322
-30fde (base 16) to base 3
-101012021020
Convert -2170733 (base 9) to base 4.
-10131101013
Convert -196323 (base 13) to base 15.
-ca390
What is -111616212 (base 7) in base 2?
-11001111110111100001001
What is -556262 (base 13) in base 2?
-111101011011011000110
Convert -631421 (base 9) to base 6.
-12012201
What is -4ea042 (base 16) in base 4?
-103222001002
Convert 4255042 (base 7) to base 13.
1519b1
38a66 (base 14) to base 7
1116656
12200312113 (base 4) to base 10
1707415
Convert 570128 (base 14) to base 8.
13221670
What is 3046237 (base 8) in base 2?
11000100110010011111
What is -1159698 (base 11) in base 8?
-7546505
-131311211103 (base 4) to base 12
-2752503
Convert 100001110001100100010000 (base 2) to base 9.
17584078
What is -233402532 (base 6) in base 9?
-8201472
-3622524 (base 10) to base 9
-6731146
Convert 22014323 (base 6) to base 11.
40850a
Convert -280428 (base 13) to base 7.
-11155122
a7730 (base 11) to base 3
21221211021
Convert 18c5b (base 15) to base 9.
132265
What is -204521041 (base 6) in base 14?
-6955cd
Convert 100010000010110000000 (base 2) to base 14.
210760
What is -225551 (base 6) in base 2?
-100101111101011
Convert 473ba (base 12) to base 3.
11212011021
What is 2575442 (base 8) in base 14?
14a398
241313 (base 7) to base 15
ce48
What is -23756736 (base 8) in base 7?
-62326614
What is -6958a (base 13) in base 2?
-101110111001100010
What is 1422242 (base 7) in base 8?
564035
Convert 2201411311 (base 5) to base 3.
22212121202120
What is 3be2 (base 16) in base 15?
4820
What is 118a55 (base 11) in base 7?
1410653
What is 157117 (base 9) in base 10?
97054
What is -2601869 (base 10) in base 9?
-4805075
What is -34050254 (base 7) in base 8?
-13210227
Convert 2306037 (base 11) to base 7.
46201545
Convert 327477 (base 9) to base 11.
12409a
Convert -42311436 (base 7) to base 9.
-6660673
Convert 104bc8 (base 13) to base 16.
5d498
51411 (base 11) to base 12
37508
What is 222301000 (base 4) in base 9?
286251
Convert 18607 (base 9) to base 5.
403021
What is -26753a (base 13) in base 4?
-3203012301
667c (base 14) to base 4
10111112
What is -3014134 (base 7) in base 12?
-15258a
What is 7b9684 (base 14) in base 15?
5835dc
Convert -3166643 (base 8) to base 11.
-529623
-10210102022122 (base 3) to base 7
-23064212
-1818979 (base 10) to base 7
-21314101
What is -12213103011 (base 4) in base 13?
-489246
8b5f3 (base 16) to base 2
10001011010111110011
Convert -26545105 (base 7) to base 12.
-9a0a84
-101100100001011001101 (base 2) to base 14
-29d949
What is 168085 (base 10) in base 13?
5b678
Convert -332011000 (base 4) to base 2.
-111110000101000000
-42046541 (base 7) to base 12
-1229512
-1101000001001001110110 (base 2) to base 15
-476218
76424 (base 16) to base 6
14214312
What is 97a11 (base 15) in base 8?
1654354
2040043 (base 6) to base 15
1e2d3
Convert 111220122110 (base 3) to base 8.
1026666
What is 1837c8 (base 16) in base 6?
54003520
Convert 101799 (base 10) to base 4.
120312213
-570822 (base 13) to base 9
-3775653
What is 82dcd6 (base 14) in base 12?
1590604
4104432 (base 6) to base 16
2fb64
What is -154601 (base 11) in base 6?
-5052311
Convert 461133 (base 8) to base 7.
1220354
What is -3276aaa (base 11) in base 10?
-5748588
Convert ca317 (base 16) to base 8.
3121427
Convert -2005259 (base 11) to base 15.
-4a1d23
403a17 (base 11) to base 14
12c957
What is 10010000100011010 (base 2) in base 6?
1330350
What is -1013000320 (base 5) in base 13?
-579c14
Convert 1101a (base 16) to base 10.
69658
-a53468 (base 13) to base 3
-21021021011100
What is 409975 (base 11) in base 15?
ceb89
Convert d314f5 (base 16) to base 5.
12020132321
What is -63027 (base 16) in base 4?
-1203000213
Convert -9543 (base 16) to base 15.
-b4c6
Convert 27577041 (base 8) to base 9.
12637626
Convert -202020220121 (base 3) to base 13.
-10c621
Convert 2134030 (base 6) to base 16.
19d82
-61acbc (base 15) to base 16
-46daae
Convert 286408 (base 11) to base 16.
6d4dc
Convert -244bc96 (base 13) to base 5.
-10341414402
What is 1100101101100001100000 (base 2) in base 4?
30231201200
Convert -10101111111110101 (base 2) to base 12.
-44185
Convert -406461 (base 12) to base 5.
-224200340
-420354 (base 7) to base 4
-101220120
Convert -3504a7 (base 14) to base 9.
-3353023
1390763 (base 12) to base 9
7334433
Convert -62070 (base 8) to base 11.
-18304
Convert -11110001010011011100 (base 2) to base 12.
-3b7b90
Convert -110101110010010101010 (base 2) to base 10.
-1762474
Convert 1444113 (base 6) to base 2.
10100011110001101
What is 7324522 (base 9) in base 3?
21100211120202
Convert -101111010001000100100 (base 2) to base 4.
-11322020210
What is 12931548 (base 10) in base 11?
7332733
52463550 (base 7) to base 5
2113422311
What is ba207b (base 12) in base 16?
2cfbdf
What is -17766 (base 10) in base 7?
-102540
Convert -72787 (base 12) to base 7.
-1162333
Convert c6c604 (base 13) to base 2.
10001110000010010111000
Convert 110262 (base 8) to base 16.
90b2
What is 8337132 (base 9) in base 11?
2572041
Convert 304541 (base 7) to base 15.
10662
Convert -11413314 (base 6) to base 3.
-200021111101
Convert -241023 (base 6) to base 9.
-31676
-2211011022 (base 3) to base 13
-1c36a
6061142 (base 7) to base 4
2233331102
Convert 6b209 (base 14) to base 3.
111021010200
44163140 (base 7) to base 11
2163898
What is -36a164 (base 11) in base 3?
-1002200210011
Convert 213240031 (base 5) to base 7.
10530454
Convert -213121300 (base 4) to base 13.
-585ca
-11101111011001000 (base 2) to base 7
-1020225
What is -3684934 (base 10) in base 12?
-129859a
-7143703 (base 8) to base 14
-37152b
Convert -4126621 (base 7) to base 6.
-14333404
Convert -66183 (base 11) to base 16.
-1772c
Convert -330022023031 (base 4) to base 8.
-74121315
What is -22201201222 (base 3) in base 5?
-20444404
Convert 2418246 (base 9) to base 16.
1403bb
Convert 212401410 (base 5) to base 14.
1972d5
-2103064 (base 9) to base 8
-4223520
Convert 100220000120 (base 3) to base 15.
3ca23
Convert 202022101122 (base 3) to base 12.
17342b
What is -10a846 (base 11) in base 7?
-1330211
1002073 (base 8) to base 9
441064
Convert -715031 (base 9) to base 2.
-1100111011010011001
-740022 (base 9) to base 13
-12512c
-16a663 (base 16) to base 3
-2210102012022
Convert 1351502 (base 6) to base 14.
20022
15052453 (base 6) to base 11
325a05
-433421 (base 6) to base 13
-133a8
11a8722 (base 12) to base 7
41245550
Convert b36a3 (base 15) to base 14.
10b275
What is 15965d (base 16) in base 7?
15011430
What is 2929610 (base 11) in base 13?
1073754
-6d047 (base 14) to base 2
-1000000111111110111
Convert 131355005 (base 7) to base 15.
b13ed5
-315115444 (base 6) to base 10
-5562388
Convert -201211220230 (base 4) to base 11.
-4a74292
Convert 331101121 (base 5) to base 3.
2200101221202
214150 (base 10) to base 3
101212202111
What is 11301443 (base 5) in base 4?
121033031
-11100011111001110011111 (base 2) to base 8
-34371637
What is -ad4ea (base 15) in base 10?
-551245
What is -11101403 (base 5) in base 11?
-66a56
What is 1011013 (base 7) in base 13?
42a5a
40134631 (base 7) to base 6
155053434
27c1 (base 14) to base 8
15565
Convert -44401315 (base 7) to base 9.
-7181171
What is 153331 (base 9) in base 11?
64949
What is -125430 (base 12) in base 16?
-49224
Convert -21311302 (base 4) to base 8.
-116562
1acda5 (base 16) to base 10
1756581
What is -8becbe (base 16) in base 2?
-100010111110110010111110
Convert -14b992 (base 13) to base 3.
-221222102200
Convert -6345365 (base 7) to base 3.
-1110000021002
28d09 (base 15) to base 3
20122221200
What is 942992 (base 13) in base 8?
15151433
470a0 (base 12) to base 15
1d2e0
-11264621 (base 7) to base 16
-f1ead
Convert -13e53 (base 16) to base 2.
-10011111001010011
1010110110100101110 (base 2) to base 13
c5b42
What is -23201022302 (base 4) in base 10?
-3019442
Convert 1032083 (base 10) to base 4.
3323332103
9edc (base 15) to base 13
1247a
What is -502401 (base 7) in base 15?
-1a263
What is 33331233 (base 4) in base 3?
10022200220
What is 276072 (base 10) in base 16?
43668
Convert -20310333 (base 4) to base 15.
-aaa9
What is 120023220 (base 4)